emainder when 256 - (-2)/(14/(-7)) is divided by 65?
60
Let z(n) = -2*n**2 + 3*n - 5. Let s be z(4). Let l = -35 - s. Let q = l - -11. Calculate the remainder when 2 is divided by q.
0
Let v(c) = c**3 - c**2 - c + 13. Suppose -3*d + 2*d - 162 = 0. What is the remainder when (d/9)/((-6)/16) is divided by v(0)?
9
Suppose u + 5*v - 247 = -u, -3*v = -15. Suppose -4*y - o + 101 = -38, -3*o + u = 3*y. What is the remainder when y is divided by (-2)/(-2*4/24)?
4
Let b(j) = j**3 + 7*j**2 + 3*j - 2. Let v(t) = t. Let s(n) = 13*n - 1. Let l(z) = -s(z) - 2*v(z). Calculate the remainder when l(-3) is divided by b(-6).
14
Suppose c = 4*h + 2*c - 2, 5*c + 10 = 0. Let q = h - -2. Calculate the remainder when -2 + q + 0 - -53 is divided by 14.
12
Let z = -1 + 22. Let f = 30 - z. Calculate the remainder when 17 is divided by f.
8
Let c(l) = 6*l - 38. What is the remainder when c(14) is divided by 2?
0
Suppose -4*l - x = -0*l + 36, -2*l = -4*x. Let w(g) be the first derivative of -g**3/3 - 5*g**2 + 8*g - 120. What is the remainder when 93 is divided by w(l)?
21
Let u be ((-2)/(-5))/(4/6600). Let x be u/3*(-3 - -2). Calculate the remainder when 73 is divided by x/(-12) - (-2)/3.
16
Suppose -3*y = 0, l - 5*y - 11 = 15. Suppose h + x - 28 = 0, 0 = 2*h - 4*x - 0*x - l. Let z = 185 + -96. Calculate the remainder when z is divided by h.
20
Let c be 1/(-3 + 268/88). Suppose -3*r + 24 = -r. Calculate the remainder when (-2)/11 - (-1302)/c is divided by r.
11
Let x(h) = -h**3 + 6*h**2 - h + 1. Suppose 5*o - 742 - 8 = 0. Suppose 8*i - o = -2*i. What is the remainder when x(4) is divided by i?
14
Let f(v) = 8*v**2 + 3*v + 4. Let o be f(-5). Calculate the remainder when 104 is divided by -1 - o/(-12) - 1/(-4).
14
Suppose 3*y + 4*k - 197 = 0, -y + 0*k = -k - 54. Suppose -12 = -2*h + 8. Calculate the remainder when y is divided by h.
9
Let t = 50 - 22. Let n(p) = -2*p**2 - 40*p + 11. Calculate the remainder when n(-18) is divided by t.
27
Suppose -33*o + 38 = -226. Suppose -2*s = 3*s - 45. Let y = s - o. Calculate the remainder when 4 is divided by y.
0
Suppose -2*x - y + 7 = 0, -9*y - 15 = -6*y. Calculate the remainder when 100 is divided by x.
4
Suppose -425 = l - 478. Calculate the remainder when 366 is divided by l.
48
What is the remainder when 2 - (20 - -2)*(-54)/12 is divided by 59?
42
Let a(l) = 3*l + 7. Suppose 0 = 9*b - 5*b - 936. Let h = b - 137. What is the remainder when h is divided by a(6)?
22
Let w(i) = -20*i + 227. Let x be w(17). Suppose 3*q = 6*q + 198. Let f = q - x. Calculate the remainder when f is divided by 8.
7
Suppose 4*g + 39*h - 232 = 37*h, -2*g - 5*h + 124 = 0. What is the remainder when 161 is divided by g?
47
Let u(o) = -o**2 + 8*o - 7. Let w be u(6). Let b = -9 + w. Let h(r) = -r**3 - 2*r**2 + 7*r + 6. What is the remainder when h(b) is divided by 3?
1
Let k(t) = t**3 + 4*t**2 + 3*t + 3. Let r be k(-4). Let q(a) = -83*a + 166*a - 84*a - 4. What is the remainder when 9 is divided by q(r)?
4
Suppose -3*u + 145 + 70 = -4*v, -57 = -u + 5*v. Let a be (12/7)/(2/7). Let h = a + 14. Calculate the remainder when u is divided by h.
17
Suppose -6*j - 3*j + 135 = 0. Calculate the remainder when (1 - 3)/6*-174 is divided by j.
13
Suppose -52 = -t + 2*r - 35, -3 = r. What is the remainder when (1*-3)/((-2)/14) is divided by t?
10
Let k(l) = l**3 + 17*l**2 - 29*l - 111. Calculate the remainder when k(-18) is divided by 15.
12
Let g(a) = -a**2 + 12*a - 3. Let b be g(11). Suppose 0 = -b*p + 71 + 41. What is the remainder when 54 is divided by p?
12
Suppose 2 = 2*s + 2. Suppose -2*n - 45 + 133 = 0. Suppose s*o = -4*o + n. What is the remainder when 54 is divided by o?
10
Let d(h) = 2*h**2 + 9. What is the remainder when d(-4) is divided by (2 + 42)*(-1)/(-2)?
19
Let o(n) be the first derivative of -n**4/4 - 13*n**3/3 - n**2/2 + 3*n + 26. What is the remainder when 29 is divided by o(-13)?
13
Suppose 95 = 11*v - 213. What is the remainder when v is divided by 6?
4
What is the remainder when 319 is divided by 1*(-8)/(-20)*270?
103
Suppose 8*o + 1 = 17. Calculate the remainder when 45/10 + 1/o is divided by 4.
1
Suppose 29 = -2*m + 59. Calculate the remainder when 177 is divided by m.
12
Let f = 1807 - 1785. Calculate the remainder when f is divided by 9.
4
Let v(h) = -h - 2. Let f be v(0). Let z be f*((-9)/2 + 1). Suppose -2*m = -4*p + 86, 4*p - z*m + 2*m = 77. Calculate the remainder when 65 is divided by p.
19
Let s be (15 - 11)*1/(-4). Let m(p) = -13*p + 3. What is the remainder when 76 is divided by m(s)?
12
Suppose -5*x = 5*b - 740, 10*b - 7*b + 2*x = 443. What is the remainder when b is divided by 68?
11
Let k(n) = 25*n + 1. What is the remainder when 49 is divided by k(1)?
23
Suppose 28*u - 7328 = -4*u. What is the remainder when u is divided by 59?
52
Suppose 14*l - 561 = 69. What is the remainder when 224 is divided by l?
44
Suppose -3*s + 21 + 123 = 0. Let a be (9/3)/(-3)*15. What is the remainder when s is divided by (-2)/(-3)*-1*a?
8
Let m = 1023 - 538. Suppose 0 = 5*h - 0*h - m. Calculate the remainder when h is divided by 33.
31
Suppose 4*j - 5 = 3. Suppose -j*m + 10 + 18 = 0. What is the remainder when 21 is divided by m?
7
Let y(s) = -s**2 + 45*s - 379. Calculate the remainder when 22 is divided by y(33).
5
Suppose 17*p = 10*p + 133. Calculate the remainder when 1897 is divided by p.
16
Let s(f) = -43*f**2 + 25 + 32*f**2 - 4*f - 6. Let n(d) = 7*d**2 + 3*d - 13. Let j(o) = 8*n(o) + 5*s(o). Calculate the remainder when j(-10) is divided by 13.
12
Let f(h) = -h + 1. Let t(r) = 2*r - 1. Let v(p) = -5*f(p) - 2*t(p). Let m be v(-6). Let u = 20 + m. What is the remainder when 31 is divided by u?
9
Let t = -934 + 1077. What is the remainder when t is divided by 8?
7
Let c = 20 - 5. Suppose -c*n = -n - 224. Calculate the remainder when 30 is divided by n.
14
Let w = -452 + 480. Let a be 36/10 + 2/5. What is the remainder when (-1 - 1) + a*28 is divided by w?
26
Let a(d) be the third derivative of -d**4/3 - d**3/2 + 31*d**2. Calculate the remainder when a(-2) is divided by 8.
5
Let m(t) = 6*t**2 - 2*t. What is the remainder when 32 is divided by m(-1)?
0
Suppose 7 = -2*b + 15, r - b = 26. What is the remainder when 988 is divided by r?
28
Let m(r) = -19*r - 432. What is the remainder when 140 is divided by m(-24)?
20
Suppose 6*p = 2614 + 1616. Calculate the remainder when p is divided by 59.
56
Let l(n) = n + 7. Let m be l(-3). Suppose 0 = -m*j + 22 - 6. Suppose -3*x - 2*h = -32, j*x + 0*x - h = 50. Calculate the remainder when 21 is divided by x.
9
Suppose -8*r - 176 = -4*l - 6*r, -4*r = -3*l + 137. Suppose -98 = -4*g + 3*j, -3*g + 82 = g + 5*j. What is the remainder when l is divided by g?
20
Suppose 4*v = 5*g - 37, 0 = -5*v - 0*g + 2*g - 59. Let d = v + 30. Calculate the remainder when d is divided by 12.
5
What is the remainder when (59/(-3))/((-122)/732) is divided by 17?
16
Let r(w) = 4*w**2 - w - 2. Let f be (5/((-15)/18))/(-2). What is the remainder when r(f) is divided by -1 + 4 - 3 - -16?
15
Let k = -2162 - -3872. Calculate the remainder when k is divided by 107.
105
Suppose 36 = 8*o - 4*o. Calculate the remainder when 35 is divided by o.
8
Suppose 0 = -3*d + 9, 4*u + 5*d = -0*d + 87. Let h = -50 - -75. Let j = -18 + h. Calculate the remainder when u is divided by j.
4
Let t = -38 - -26. Calculate the remainder when 607/11 - 6/33 is divided by -4 - (-3)/(t/(-128)).
27
Let t be (174/8)/((-6)/(-16)). Suppose -2*s = -3*a + a - t, -2*a = 2*s - 74. Let g(z) = -z**2 + 12. What is the remainder when s is divided by g(0)?
9
Let r = 620 - 567. Let m = 18 + 24. Suppose 3*c - m = -0*c. Calculate the remainder when r is divided by c.
11
Calculate the remainder when 9*3 + (-1 - -2) is divided by 24/15*(-30)/(-8).
4
Suppose -7*w - w = -136. Calculate the remainder when 32 is divided by w.
15
Suppose -f = -0*f - 2*h - 5, 0 = -2*f + 3*h + 13. Suppose z + 0 = f. What is the remainder when z is divided by ((-2)/(-4))/((-10)/(-140))?
4
Suppose 5*k - 4*b = 22 + 14, 31 = 4*k - b. Let q = -1 - -1. Suppose q = 12*x - k*x - 136. Calculate the remainder when x is divided by 12.
10
Suppose -63*o + 1408 + 234 = 4. Suppose 0*q + 3*a - 11 = -4*q, 2*a = -4*q + 6. Calculate the remainder when o is divided by (14/(-4))/(q/4).
12
Let t = 0 + -6. Let w(i) = i + 12. Let r be w